{"id":263,"date":"2018-04-06T13:59:48","date_gmt":"2018-04-06T11:59:48","guid":{"rendered":"http:\/\/www.dr-land.de\/de\/?page_id=263"},"modified":"2022-06-02T10:35:00","modified_gmt":"2022-06-02T08:35:00","slug":"lebenswerk-barth","status":"publish","type":"page","link":"https:\/\/www.dr-land.de\/de\/forschungsprojekte\/lebenswerk-barth\/","title":{"rendered":"Forschung zu Gartenarchitekt<br \/>Erwin Barth (1880\u20131933)"},"content":{"rendered":"<div id=\"pl-263\"  class=\"panel-layout\" ><div id=\"pg-263-0\"  class=\"panel-grid panel-has-style\" ><div style=\"padding: 10px 0; \" data-overlay=\"true\" data-overlay-color=\"#000000\" class=\"panel-row-style panel-row-style-for-263-0\" ><div id=\"pgc-263-0-0\"  class=\"panel-grid-cell\" ><div id=\"panel-263-0-0-0\" class=\"widget_text so-panel widget widget_custom_html panel-first-child\" data-index=\"0\" ><div style=\"text-align: left;\" data-title-color=\"#443f3f\" data-headings-color=\"#443f3f\" class=\"widget_text panel-widget-style panel-widget-style-for-263-0-0-0\" ><div class=\"textwidget custom-html-widget\"><b>am Institut f\u00fcr Landschaftsarchitektur, Technische Universit\u00e4t Berlin<\/b><br \/>\n<br \/>\nGef\u00f6rdert durch die Deutsche Forschungsgemeinschaft DFG, Bonn<br \/>\n<br \/>\n<b>Der \u00f6ffentliche Raum in der Gro\u00dfstadt der Moderne \u2013 Erwin Barth und das Berlin der 20er Jahre<\/b><br \/>\n(1998\u20132002)<br \/>\n<br \/>\n<\/div><\/div><\/div><div id=\"panel-263-0-0-1\" class=\"so-panel widget widget_media_gallery\" data-index=\"1\" ><div style=\"text-align: left;\" data-title-color=\"#443f3f\" data-headings-color=\"#443f3f\" class=\"panel-widget-style panel-widget-style-for-263-0-0-1\" ><div id='gallery-1' class='gallery galleryid-263 gallery-columns-3 gallery-size-full'><figure class='gallery-item'>\n\t\t\t<div class='gallery-icon portrait'>\n\t\t\t\t<a href='https:\/\/www.dr-land.de\/de\/wp-content\/uploads\/2018\/04\/Cover-Erwin-Barth.png' title=\"\" data-rl_title=\"\" class=\"rl-gallery-link\" data-rl_caption=\"\" data-rel=\"lightbox-gallery-1\"><img decoding=\"async\" width=\"1052\" height=\"1489\" data-src=\"https:\/\/www.dr-land.de\/de\/wp-content\/uploads\/2018\/04\/Cover-Erwin-Barth.png\" class=\"attachment-full size-full lazyload\" alt=\"Buchver\u00f6ffentlichung 2005\" aria-describedby=\"gallery-1-541\" data-srcset=\"https:\/\/www.dr-land.de\/de\/wp-content\/uploads\/2018\/04\/Cover-Erwin-Barth.png 1052w, https:\/\/www.dr-land.de\/de\/wp-content\/uploads\/2018\/04\/Cover-Erwin-Barth-212x300.png 212w, https:\/\/www.dr-land.de\/de\/wp-content\/uploads\/2018\/04\/Cover-Erwin-Barth-768x1087.png 768w, https:\/\/www.dr-land.de\/de\/wp-content\/uploads\/2018\/04\/Cover-Erwin-Barth-723x1024.png 723w, https:\/\/www.dr-land.de\/de\/wp-content\/uploads\/2018\/04\/Cover-Erwin-Barth-830x1175.png 830w, https:\/\/www.dr-land.de\/de\/wp-content\/uploads\/2018\/04\/Cover-Erwin-Barth-230x326.png 230w, https:\/\/www.dr-land.de\/de\/wp-content\/uploads\/2018\/04\/Cover-Erwin-Barth-350x495.png 350w, https:\/\/www.dr-land.de\/de\/wp-content\/uploads\/2018\/04\/Cover-Erwin-Barth-480x679.png 480w\" data-sizes=\"(max-width: 1052px) 100vw, 1052px\" src=\"data:image\/svg+xml;base64,PHN2ZyB3aWR0aD0iMSIgaGVpZ2h0PSIxIiB4bWxucz0iaHR0cDovL3d3dy53My5vcmcvMjAwMC9zdmciPjwvc3ZnPg==\" style=\"--smush-placeholder-width: 1052px; --smush-placeholder-aspect-ratio: 1052\/1489;\" \/><\/a>\n\t\t\t<\/div>\n\t\t\t\t<figcaption class='wp-caption-text gallery-caption' id='gallery-1-541'>\n\t\t\t\tBuchver\u00f6ffentlichung 2005\n\t\t\t\t<\/figcaption><\/figure>\n\t\t<\/div>\n<\/div><\/div><div id=\"panel-263-0-0-2\" class=\"widget_text so-panel widget widget_custom_html panel-last-child\" data-index=\"2\" ><div style=\"text-align: left;\" data-title-color=\"#443f3f\" data-headings-color=\"#443f3f\" class=\"widget_text panel-widget-style panel-widget-style-for-263-0-0-2\" ><div class=\"textwidget custom-html-widget\"><p>Ziel der Arbeit war es, das umfangreiche und nur in Ausschnitten bekannte Werk des Gartenarchitekten Erwin Barth (1880\u20131933) zu erschlie\u00dfen und bekannt zu machen als einen Beitrag zur aktuellen Diskussion um die Wiedergewinnung des \u00f6ffentlichen Raums in der Stadt und um die Weiterentwicklung der Europ\u00e4ischen Gro\u00dfstadt. Der an verschiedenen Orten gelagerte planerische Nachlass wurde entsprechend erstmals systematisch aufgearbeitet.<\/p>\n<p>Barth war zun\u00e4chst als Leiter der Gartenverwaltung in L\u00fcbeck t\u00e4tig, wechselte 1912 nach Charlottenburg, wo er die bekanntesten seiner Platz- und Parkanlagen schuf. Ab 1926 war er Stadtgartendirektor von Gesamt-Berlin. 1929 wurde er der erste Professor am neu gegr\u00fcndeten Institut f\u00fcr Gartengestaltung an der Landwirtschaftlichen Hochschule in Berlin, der Ursprung der heutigen akademischen Ausbildung f\u00fcr Landschaftsarchitekten und -planer.<\/p>\n<p>Anhand der Barthschen Arbeiten l\u00e4sst sich der \u00dcbergang der garten- und freiraumarchitektonischen Theorien und Ideale von der Kaiserzeit zur Epoche der 20er Jahre nachvollziehen. Eine besondere Beachtung hat zudem die T\u00e4tigkeit Barths als Leiter verschiedener Gartenverwaltungen erfahren, um die jeweiligen M\u00f6glichkeiten der Einflussnahme zu kl\u00e4ren. Ebenfalls wurde die Entwicklung der akademischen Ausbildung f\u00fcr Gartenk\u00fcnstler unter Barth aufgezeigt.<\/p>\n<p>Die zusammengefassten Ergebnisse des Forschungsvorhabens wurden in folgenden Ver\u00f6ffentlichungen dargestellt:<\/p>\n<p><b>Findb\u00fccher<\/b>, inklusive vollst\u00e4ndiger Projekt-Kurzdokumentation, Planverzeichnis, Lebensdaten etc.<br \/>\u00dcbergabe der Arbeitsergebnisse an das Landesdenkmalamt Berlin<\/p>\n<p><b>Dissertation<\/b> zum Gesamtwerk Erwin Barths, seine Ausbildung, seine Vorbilder, seine Arbeiten \u2013 Aufarbeitung der Ergebnisse aus dem Forschungsprojekt. Titel: \u201eErwin Barth (1880-1933). Leben und Werk eines Gartenarchitekten im zeitgen\u00f6ssischen Kontext\u201c<\/p>\n<p><b>Buchver\u00f6ffentlichung<\/b> zusammen mit Prof. Wenzel zum Thema Entwicklung der Gartenarchitektur zwischen 1900 und 1933 anhand von Beispielen aus dem Schaffenswerk Erwin Barth.\n<br \/><br \/><b>Titel:<\/b> \u201eHeimat, Natur und Weltstadt. Das Lebenswerk des Gartenarchitekten Erwin Barth\u201c, Koehler & Amelang Verlag, Juni 2005.<\/p>\n<\/div><\/div><\/div><\/div><\/div><\/div><\/div>","protected":false},"excerpt":{"rendered":"<p>am Institut f\u00fcr Landschaftsarchitektur, Technische Universit\u00e4t Berlin Gef\u00f6rdert durch die Deutsche Forschungsgemeinschaft DFG, Bonn Der \u00f6ffentliche Raum in der Gro\u00dfstadt der Moderne [&hellip;]<\/p>\n","protected":false},"author":1,"featured_media":0,"parent":205,"menu_order":0,"comment_status":"closed","ping_status":"closed","template":"","meta":{"footnotes":""},"class_list":["post-263","page","type-page","status-publish","hentry"],"_links":{"self":[{"href":"https:\/\/www.dr-land.de\/de\/wp-json\/wp\/v2\/pages\/263","targetHints":{"allow":["GET"]}}],"collection":[{"href":"https:\/\/www.dr-land.de\/de\/wp-json\/wp\/v2\/pages"}],"about":[{"href":"https:\/\/www.dr-land.de\/de\/wp-json\/wp\/v2\/types\/page"}],"author":[{"embeddable":true,"href":"https:\/\/www.dr-land.de\/de\/wp-json\/wp\/v2\/users\/1"}],"replies":[{"embeddable":true,"href":"https:\/\/www.dr-land.de\/de\/wp-json\/wp\/v2\/comments?post=263"}],"version-history":[{"count":0,"href":"https:\/\/www.dr-land.de\/de\/wp-json\/wp\/v2\/pages\/263\/revisions"}],"up":[{"embeddable":true,"href":"https:\/\/www.dr-land.de\/de\/wp-json\/wp\/v2\/pages\/205"}],"wp:attachment":[{"href":"https:\/\/www.dr-land.de\/de\/wp-json\/wp\/v2\/media?parent=263"}],"curies":[{"name":"wp","href":"https:\/\/api.w.org\/{rel}","templated":true}]}}

<div id="pl-263"  class="panel-layout" ><div id="pg-263-0"  class="panel-grid panel-has-style" ><div style="padding: 10px 0; " data-overlay="true" data-overlay-color="#000000" class="panel-row-style panel-row-style-for-263-0" ><div id="pgc-263-0-0"  class="panel-grid-cell" ><div id="panel-263-0-0-0" class="widget_text so-panel widget widget_custom_html panel-first-child" data-index="0" ><div style="text-align: left;" data-title-color="#443f3f" data-headings-color="#443f3f" class="widget_text panel-widget-style panel-widget-style-for-263-0-0-0" ><div class="textwidget custom-html-widget"><b>am Institut für Landschaftsarchitektur, Technische Universität Berlin</b><br />
<br />
Gefördert durch die Deutsche Forschungsgemeinschaft DFG, Bonn<br />
<br />
<b>Der öffentliche Raum in der Großstadt der Moderne – Erwin Barth und das Berlin der 20er Jahre</b><br />
(1998–2002)<br />
<br />
</div></div></div><div id="panel-263-0-0-1" class="so-panel widget widget_media_gallery" data-index="1" ><div style="text-align: left;" data-title-color="#443f3f" data-headings-color="#443f3f" class="panel-widget-style panel-widget-style-for-263-0-0-1" ><div id='gallery-1' class='gallery galleryid-263 gallery-columns-3 gallery-size-full'><figure class='gallery-item'>
			<div class='gallery-icon portrait'>
				<a href='https://www.dr-land.de/de/wp-content/uploads/2018/04/Cover-Erwin-Barth.png' title="" data-rl_title="" class="rl-gallery-link" data-rl_caption="" data-rel="lightbox-gallery-1"><img decoding="async" width="1052" height="1489" data-src="https://www.dr-land.de/de/wp-content/uploads/2018/04/Cover-Erwin-Barth.png" class="attachment-full size-full lazyload" alt="Buchveröffentlichung 2005" aria-describedby="gallery-1-541" data-srcset="https://www.dr-land.de/de/wp-content/uploads/2018/04/Cover-Erwin-Barth.png 1052w, https://www.dr-land.de/de/wp-content/uploads/2018/04/Cover-Erwin-Barth-212x300.png 212w, https://www.dr-land.de/de/wp-content/uploads/2018/04/Cover-Erwin-Barth-768x1087.png 768w, https://www.dr-land.de/de/wp-content/uploads/2018/04/Cover-Erwin-Barth-723x1024.png 723w, https://www.dr-land.de/de/wp-content/uploads/2018/04/Cover-Erwin-Barth-830x1175.png 830w, https://www.dr-land.de/de/wp-content/uploads/2018/04/Cover-Erwin-Barth-230x326.png 230w, https://www.dr-land.de/de/wp-content/uploads/2018/04/Cover-Erwin-Barth-350x495.png 350w, https://www.dr-land.de/de/wp-content/uploads/2018/04/Cover-Erwin-Barth-480x679.png 480w" data-sizes="(max-width: 1052px) 100vw, 1052px" src="data:image/svg+xml;base64,PHN2ZyB3aWR0aD0iMSIgaGVpZ2h0PSIxIiB4bWxucz0iaHR0cDovL3d3dy53My5vcmcvMjAwMC9zdmciPjwvc3ZnPg==" style="--smush-placeholder-width: 1052px; --smush-placeholder-aspect-ratio: 1052/1489;" /></a>
			</div>
				<figcaption class='wp-caption-text gallery-caption' id='gallery-1-541'>
				Buchveröffentlichung 2005
				</figcaption></figure>
		</div>
</div></div><div id="panel-263-0-0-2" class="widget_text so-panel widget widget_custom_html panel-last-child" data-index="2" ><div style="text-align: left;" data-title-color="#443f3f" data-headings-color="#443f3f" class="widget_text panel-widget-style panel-widget-style-for-263-0-0-2" ><div class="textwidget custom-html-widget"><p>Ziel der Arbeit war es, das umfangreiche und nur in Ausschnitten bekannte Werk des Gartenarchitekten Erwin Barth (1880–1933) zu erschließen und bekannt zu machen als einen Beitrag zur aktuellen Diskussion um die Wiedergewinnung des öffentlichen Raums in der Stadt und um die Weiterentwicklung der Europäischen Großstadt. Der an verschiedenen Orten gelagerte planerische Nachlass wurde entsprechend erstmals systematisch aufgearbeitet.</p>
<p>Barth war zunächst als Leiter der Gartenverwaltung in Lübeck tätig, wechselte 1912 nach Charlottenburg, wo er die bekanntesten seiner Platz- und Parkanlagen schuf. Ab 1926 war er Stadtgartendirektor von Gesamt-Berlin. 1929 wurde er der erste Professor am neu gegründeten Institut für Gartengestaltung an der Landwirtschaftlichen Hochschule in Berlin, der Ursprung der heutigen akademischen Ausbildung für Landschaftsarchitekten und -planer.</p>
<p>Anhand der Barthschen Arbeiten lässt sich der Übergang der garten- und freiraumarchitektonischen Theorien und Ideale von der Kaiserzeit zur Epoche der 20er Jahre nachvollziehen. Eine besondere Beachtung hat zudem die Tätigkeit Barths als Leiter verschiedener Gartenverwaltungen erfahren, um die jeweiligen Möglichkeiten der Einflussnahme zu klären. Ebenfalls wurde die Entwicklung der akademischen Ausbildung für Gartenkünstler unter Barth aufgezeigt.</p>
<p>Die zusammengefassten Ergebnisse des Forschungsvorhabens wurden in folgenden Veröffentlichungen dargestellt:</p>
<p><b>Findbücher</b>, inklusive vollständiger Projekt-Kurzdokumentation, Planverzeichnis, Lebensdaten etc.<br />Übergabe der Arbeitsergebnisse an das Landesdenkmalamt Berlin</p>
<p><b>Dissertation</b> zum Gesamtwerk Erwin Barths, seine Ausbildung, seine Vorbilder, seine Arbeiten – Aufarbeitung der Ergebnisse aus dem Forschungsprojekt. Titel: „Erwin Barth (1880-1933). Leben und Werk eines Gartenarchitekten im zeitgenössischen Kontext“</p>
<p><b>Buchveröffentlichung</b> zusammen mit Prof. Wenzel zum Thema Entwicklung der Gartenarchitektur zwischen 1900 und 1933 anhand von Beispielen aus dem Schaffenswerk Erwin Barth.
<br /><br /><b>Titel:</b> „Heimat, Natur und Weltstadt. Das Lebenswerk des Gartenarchitekten Erwin Barth“, Koehler & Amelang Verlag, Juni 2005.</p>
</div></div></div></div></div></div></div>

<p>am Institut für Landschaftsarchitektur, Technische Universität Berlin Gefördert durch die Deutsche Forschungsgemeinschaft DFG, Bonn Der öffentliche Raum in der Großstadt der Moderne [&hellip;]</p>
